- -2. Suppose b + 5 - 2 = 0. Is b*(-6)/m - -83 prime?
False
Suppose -4*t = -501 - 647. Is t a composite number?
True
Suppose -3*w + 96 = r + 22, 4*w = 3*r + 116. Suppose 5*o + 34 + w = 0. Is ((-39)/(-12))/((-3)/o) a prime number?
True
Suppose 2 = 4*k - 5*k. Let q(c) be the second derivative of -2*c**3/3 - c**2/2 + 2*c. Is q(k) composite?
False
Let a(f) = -f - 2. Let i be a(-5). Suppose 784 = 5*v - i*c, -332 = 5*v - 2*c - 1113. Suppose -3*k + v = 2*k. Is k a composite number?
False
Let f = -4 - -7. Suppose 5*z + 3*n + 2*n = 340, f*z = n + 200. Is z prime?
True
Let i be 46 + -3*(-4)/(-6). Suppose -i = -b + 9. Is b a prime number?
True
Let l be (-84)/(-22) + 16/88. Suppose 69 = 3*c - l*s, -6 = s + s. Is c prime?
True
Suppose -5*l - 5 = -5*o, 0*l - 1 = -3*l + 4*o. Let j = l + 5. Suppose j*z + 3*z = 147. Is z composite?
True
Let o = 11 + -6. Suppose 0*l = o*l - 1645. Is l composite?
True
Let r(k) = 2*k**2 - 16*k - 11. Let w(x) = 3*x**2 - 33*x - 22. Let d(s) = -5*r(s) + 3*w(s). Let y(t) = -12*t + 3. Let c be y(1). Is d(c) a composite number?
False
Suppose 2*p = -3*p. Is 3 - (-13 - -2 - p) a prime number?
False
Is 4/(-24) + 17116/24 a prime number?
False
Let g(l) = 4*l**2 - 7*l - 15. Is g(8) prime?
False
Suppose -8*t = 934 - 15422. Is t prime?
True
Suppose -j + 8*k - 3*k + 361 = 0, -2*j - 5*k + 662 = 0. Is j a composite number?
True
Let z be 1*(12/4 + -130). Let h = z - -194. Is h prime?
True
Suppose -4*w = 297 + 87. Let f = -127 - 20. Let u = w - f. Is u prime?
False
Let p = -86 - -263. Let y = p - 18. Is 1/(-2 + 321/y) a composite number?
False
Let x(j) = -2*j - 8. Let m be x(-6). Suppose 0 = m*n + 3*v - 13, 3*n + 15 = 7*n + v. Suppose -n*c + 293 = 109. Is c a composite number?
True
Let r(m) = -m + 4. Let h be r(4). Suppose h = -v + 4*v - 36. Suppose v = 5*i - 18. Is i a composite number?
True
Suppose 0*s + 3*o = -2*s, -3*s = 5*o. Let k(n) = -n**3 + n**2 - n + 149. Is k(s) composite?
False
Suppose 18 = 5*d - 4*t, -4 = -4*d - t + 2. Let g(n) = 5*n**3 - 9*n**2 + 7*n - 7. Let z(i) = i**3 + i**2 - i + 1. Let h(c) = g(c) + 6*z(c). Is h(d) composite?
True
Let j(b) = -13*b**2 - 7*b - 6. Let v(t) = 3 + 2 + 12*t**2 + 8*t - 2*t. Let s(h) = 2*j(h) + 3*v(h). Is s(-2) prime?
False
Suppose 4*f + 350 = 5*x, 2*x + f - 140 = -0*f. Let j = x - 33. Suppose j = 2*b - b. Is b composite?
False
Let m = 1112 + -739. Is m prime?
True
Suppose 3*a + u + 5 = 0, 6 = a - u + 1. Suppose -y - 4*z - 7 = a, 0 = 2*y - 0*y - 4*z - 46. Is y a composite number?
False
Let h = -11 + 30. Let b = 32 - h. Is b prime?
True
Suppose 1925 = 2*m + 5*w, 0 = -4*m + 3*m + 5*w + 985. Suppose m = -3*q + 3187. Suppose -5*o = -3*h - q, -h + 2*h - 2 = 0. Is o composite?
False
Let d(h) be the first derivative of -h**4/4 - 4*h**3/3 + h**2/2 - 6*h + 2. Let n(k) = k**3 + 7*k**2 - 8*k - 5. Let w be n(-8). Is d(w) prime?
False
Let v be (-6)/(-30) + (-19)/(-5). Let x = 1 + v. Suppose x*t - 316 = t. Is t a composite number?
False
Suppose 2*o - 525 = -o. Suppose -5*c + o = -1120. Is c a composite number?
True
Let f be ((-3)/6)/(1/(-272)). Let d be (-3)/(-1 - -4) + f. Let c = d - 88. Is c a prime number?
True
Let k(c) = 16*c**3 - 2*c**2 + c + 2. Is k(3) composite?
False
Suppose 160 = -3*v + 1000. Let q = v - 139. Is q prime?
False
Let j be ((-12)/(-10))/((-4)/(-10)). Let o(k) = 45*k - 6. Is o(j) a prime number?
False
Let p = 8 + -4. Suppose 3*h - 539 = p*i, h = -2*i + 51 + 142. Suppose -4*d + h = 5*b, -2*b - 26 + 100 = -3*d. Is b a prime number?
True
Let s(r) = 4*r**3 + 4*r**2 - 3*r - 4. Let n(j) = j**2 + 4*j - 2. Let q(x) = -2*x + 5. Let c be q(5). Let i be n(c). Is s(i) composite?
False
Suppose f - 39 = 6*f + 3*c, 3*f - 5*c = -37. Let a(g) = -g**2 - 13*g - 1. Is a(f) prime?
False
Suppose 0*o - 3*k = -o - 8, -2 = -o - 2*k. Let g(w) = 14*w**2 + 6*w**2 - 3*w - 4*w**2 - 1. Is g(o) a prime number?
False
Let z(h) = -4*h + 4. Let g be z(-3). Suppose -w = w - g. Suppose -u - o = 22 - 73, 0 = 2*o - w. Is u a prime number?
True
Let f(y) = -y + 87. Let g be f(0). Let i = 3 + g. Let q = -23 + i. Is q prime?
True
Let f(u) = -u**2 + 3*u + 2. Let l be f(3). Let i be ((-6)/4)/(l/(-4)). Suppose 5*c - 77 = -3*j - 0*j, 23 = i*c - 4*j. Is c prime?
True
Suppose 3 = i - 3*o, 5*i + 0 = 2*o + 15. Let q = 0 + i. Is q a composite number?
False
Let s = 1013 - 600. Is s a composite number?
True
Suppose 0 = a - t - 552, a - 2*a + 2*t = -547. Is a composite?
False
Suppose -c - 27 = 2*y, y + 4*c + 11 = c. Let d be (-2)/7 - 18/y. Is d + -2 + 0 + 38 a composite number?
False
Let w = 301 - 158. Is w a composite number?
True
Suppose 1178 = 2*g + 4*z, 0 = -2*g + 2*z - 120 + 1322. Is g prime?
False
Let h(o) = -o**3 - o - 5. Let s be h(6). Suppose 2*g - 5*n + 283 = 0, 3*g - 52 + 483 = n. Let r = g - s. Is r composite?
False
Let i = 2 - 0. Suppose i*o = -o + 3*z + 9, -12 = o + 4*z. Suppose -5*w = -j - o*w + 80, -3*j = -w - 254. Is j a composite number?
True
Suppose -3*b = b - 380. Is b a composite number?
True
Let c be -2 + (0 + 1)*-6. Is (c - -200) + -1 + 0 prime?
True
Is (1 - -2928) + (-4 - -4) + 4 a composite number?
True
Let t(c) = 386*c + 3. Let z be t(3). Let l = 1682 - z. Is l prime?
True
Suppose -y + 15 = 4*y. Suppose -y*q - 206 = -q. Let z = -60 - q. Is z composite?
False
Suppose -154 - 113 = -3*v. Is v prime?
True
Let p(g) = g + 6. Let r be p(-3). Suppose -682 = -3*c + c - 4*i, i + r = 0. Is c a composite number?
False
Let z(j) = -2*j + 83. Is z(0) composite?
False
Let l(i) = 29*i**2 - i. Is l(-2) a composite number?
True
Suppose 5*p = -8158 + 24393. Is p a prime number?
False
Let o = -660 - -955. Let g = 19 + -13. Suppose -d - o = -g*d. Is d composite?
False
Suppose 3*o - a = 4*o - 251, -1004 = -4*o - 3*a. Is o a prime number?
True
Suppose -892 = -2*f + 918. Is f composite?
True
Let s be ((-1)/(-2))/(1/(-60)). Let f be 159*1*2/6. Let j = f + s. Is j prime?
True
Suppose -2*i + 3*i = 8. Suppose -10 = 3*f + i. Is 212/6 - (-2)/f prime?
False
Let m = -14 - 1. Let o = m - -72. Is o prime?
False
Suppose 8*u + 1588 = 12*u. Is u a composite number?
False
Suppose 3*m + 3 = -k + 2, 5*k = 3*m + 31. Suppose -k*f = -0*f + 20. Let c = f + 15. Is c composite?
False
Let q be -2*(7/2 - 1). Let i(g) = -g**3 - 4*g**2 + 4*g - 4. Let p be i(q). Is 866/14 + p/7 a prime number?
False
Suppose -28 = -w - 0*w. Suppose -2*f - w = 2*f - 4*x, 0 = 3*f + x + 29. Is (-784)/(-36) + (-2)/f a composite number?
True
Let k(j) = -3*j - 6. Suppose 2*a = 4*m - 28, 4*m + a = 2*m + 6. Let d be k(m). Is (39/(-9))/(1/d) a composite number?
True
Suppose -15 = -7*d + 4*d. Let z = 8 - d. Suppose -5*j + 395 = 4*k, z*j - 2*k = -0*k + 259. Is j a composite number?
False
Let n be (164 - 1/1) + -2. Let i(a) = -a**2 - a + 3. Let v be i(0). Suppose 0 = -v*d - 50 + n. Is d a composite number?
False
Let j(i) = -i**3 + 15*i**2 + 9*i + 15. Is j(-8) a prime number?
False
Let f = -26 - -12. Let a(m) = -m**3 - 13*m**2 + 8*m + 5. Is a(f) composite?
False
Let d be (2 - 0)/(8/4). Is -1 - (-87 + d + -2) composite?
True
Suppose -5*c - 25 = 0, c = 3*l - 3*c - 17. Is (1 - l)*(-226)/(-4) a composite number?
False
Let y(q) = 185*q**2 + q + 1. Is y(-1) a prime number?
False
Let m(p) = 29*p**2 - 2*p - 6. Is m(5) prime?
True
Let v be ((-24)/(-10))/(3/(-10)). Let n be 2/v - (-7)/(-4). Is 55 + -2 + 2 + n a prime number?
True
Suppose -3*a - 6555 = -3*s + a, -s - 3*a + 2198 = 0. Is s prime?
False
Let l = -8 - -61. Is l composite?
False
Let b(c) = c**3 + 8*c**2 + 8*c + 9. Let f be b(-7). Let y = 15 - f. Is y prime?
True
Let t = 4 - -1. Suppose -6*c = -3*r - 4*c + 8, -5*c = -t*r + 20. Suppose r = 5*k - 47 - 108. Is k prime?
True
Suppose 0 = 2*t + 3*t + 3*v - 318, 4*t - 248 = 4*v. Let f = -41 + t. Is f a composite number?
True
Is 371/(0 - 2/(-2)) prime?
False
Suppose 6*i - 8*i = 370. Let f = -74 - i. Is f a prime number?
False
Let w = 10 - -1. Let t = 8 - w. Is (-159)/t - (-6)/3 a composite number?
True
Let y = -132 + 187. Is y a prime number?
False
Suppose 3*i - 245 = -2*i. Is i composite?
True
Let i = 0 - -8. Let b = i + -2. Is b composite?
True
Let d(p) be the third derivative of -p**4/24 + p**3/3 - 2*p**2. Let t be d(4). Is (-1191)/(-15) - t/(-5) a composite number?
False
Suppose 3*m - 1550 - 4897 = 0. Is m a composite number?
True
Is (-2)/4 - -1 - (-724)/8 composite?
True
Let n(m) = -4*m + 1. Let r(h) = -h**